e 10, what is -223 - 10?
-233
In base 3, what is 220000 - 0?
220000
In base 2, what is -101 - -101101?
101000
In base 3, what is -2 - 1221?
-2000
In base 16, what is -6 - 257?
-25d
In base 6, what is 2 - -123?
125
In base 6, what is -4 - -233?
225
In base 9, what is -3 + 107?
104
In base 15, what is 4 + 27?
2b
In base 10, what is 12 + 101?
113
In base 8, what is 4 - -177?
203
In base 15, what is -9 - -e?
5
In base 7, what is -3 + -450?
-453
In base 10, what is -173 + -26?
-199
In base 11, what is -1 + -1873?
-1874
In base 11, what is -6 + -4?
-a
In base 13, what is -5 + 175b?
1756
In base 9, what is 13 + -38?
-25
In base 14, what is -5c + 1?
-5b
In base 14, what is 14 + -73?
-5d
In base 16, what is 28 - -24?
4c
In base 2, what is 10010111 + 11?
10011010
In base 4, what is 3101 - 10?
3031
In base 2, what is 10 + -101010111?
-101010101
In base 9, what is -7315 - -2?
-7313
In base 14, what is -76 - -1?
-75
In base 14, what is 22 + 13a?
15c
In base 15, what is 723 + 4?
727
In base 15, what is -92 + 5?
-8c
In base 14, what is -a34 + -7?
-a3b
In base 9, what is 4 + -2053?
-2048
In base 5, what is 0 + 333?
333
In base 5, what is 1042 - -12?
1104
In base 11, what is 4a89 + 0?
4a89
In base 7, what is -2 - 11500?
-11502
In base 2, what is -101 - 10?
-111
In base 9, what is 2006 + -1?
2005
In base 7, what is -23 + 2?
-21
In base 16, what is -a54 - 4?
-a58
In base 14, what is -2 - -3b?
39
In base 4, what is 202 + 203?
1011
In base 4, what is -12 - 213?
-231
In base 6, what is 1 - 25?
-24
In base 11, what is -1 + -7?
-8
In base 11, what is -6a - 2?
-71
In base 7, what is 4 - -164?
201
In base 4, what is 23 - 3?
20
In base 8, what is 533 - -3?
536
In base 12, what is 5 + 1a?
23
In base 5, what is 240331 - -1?
240332
In base 14, what is -1 + 49?
48
In base 11, what is 292 - -4?
296
In base 4, what is 30 + -132?
-102
In base 9, what is -30811 + 0?
-30811
In base 3, what is -2101 + -22200?
-102001
In base 11, what is 70 - -4?
74
In base 3, what is 11 + -2000?
-1212
In base 4, what is -10 - 202?
-212
In base 4, what is 3 - 300232?
-300223
In base 13, what is -4 + 490?
489
In base 10, what is 1 + 37?
38
In base 16, what is -b - -15?
a
In base 6, what is -2445 + -5?
-2454
In base 10, what is 1 - 10?
-9
In base 3, what is -211 - 12?
-1000
In base 10, what is 11 - -494?
505
In base 8, what is -24411 + 5?
-24404
In base 5, what is 42441 - 0?
42441
In base 12, what is 7 - -7b?
86
In base 13, what is 4 + 8?
c
In base 13, what is b75 - 0?
b75
In base 16, what is -a48 - 1?
-a49
In base 10, what is -2 - -27?
25
In base 8, what is -30 + 10?
-20
In base 11, what is 29 + 3?
31
In base 2, what is -110000010 + 100?
-101111110
In base 15, what is -ae + -2?
-b1
In base 11, what is 32 - -8?
3a
In base 5, what is 100 - -10?
110
In base 13, what is 3c + -30?
c
In base 11, what is -242 - -42?
-200
In base 16, what is 3 - -17c?
17f
In base 3, what is 10202022 - 1?
10202021
In base 6, what is 15 - 153?
-134
In base 4, what is -11 - 2302?
-2313
In base 13, what is -71 - 1?
-72
In base 9, what is -1 + 21?
20
In base 11, what is 66 + -3?
63
In base 8, what is 227 + -10?
217
In base 12, what is -42 + -2?
-44
In base 13, what is 5 + -b3b?
-b36
In base 6, what is 15 - 2?
13
In base 9, what is 1 - 25?
-24
In base 5, what is -123 + 23?
-100
In base 16, what is -7 + 18?
11
In base 10, what is -5 - -273?
268
In base 5, what is -433 - -3?
-430
In base 13, what is -4 + -60?
-64
In base 15, what is 3 + -34?
-31
In base 12, what is 47 + 2?
49
In base 5, what is 1 - -31414?
31420
In base 11, what is -14 - 4a?
-63
In base 6, what is 542 + 2?
544
In base 8, what is -1577 + 4?
-1573
In base 13, what is 15 - -1a?
32
In base 3, what is 20 - -202100?
202120
In base 5, what is 2 - 2202?
-2200
In base 14, what is -36a + -4?
-370
In base 14, what is 1 + -518?
-517
In base 10, what is -25 + -4?
-29
In base 12, what is 3 + -15?
-12
In base 13, what is 2 + 45?
47
In base 10, what is -750 + -1?
-751
In base 2, what is -100 - 101001000?
-101001100
In base 11, what is 0 + 154?
154
In base 14, what is -95 - 38?
-cd
In base 15, what is -22a + -1?
-22b
In base 8, what is -3 + -51?
-54
In base 3, what is -1001 + 20001?
12000
In base 13, what is -677 - 3?
-67a
In base 6, what is -3421 - -5?
-3412
In base 4, what is 11 - -2230?
2301
In base 5, what is 0 + -24330?
-24330
In base 13, what is 5 + 202?
207
In base 10, what is -1084 + 1?
-1083
In base 12, what is -4 - -1969?
1965
In base 12, what is 0 - -9?
9
In base 9, what is 1 - 220?
-218
In base 15, what is e - -15?
24
In base 5, what is -1022 + -4?
-1031
In base 12, what is -1 - -54?
53
In base 11, what is 5 - -92?
97
In base 4, what is -30 - 13200?
-13230
In base 8, what is 332 + 2?
334
In base 10, what is -16 + -56?
-72
In base 11, what is 232 - -1?
233
In base 15, what is 8e + 0?
8e
In base 3, what is 10 - 212210?
-212200
In base 10, what is -6 + -45?
-51
In base 15, what is -4 + -44?
-48
In base 5, what is -2401 - 3?
-2404
In base 8, what is 2 + -141?
-137
In base 13, what is -42 - 21?
-63
In base 12, what is -203 + -4?
-207
In base 9, what is 5 - -47?
53
In base 12, what is -6 + 17?
11
In base 10, what is 222 + 0?
222
In base 3, what is 111 + 11010?
11121
In base 4, what is -2212020 - 2?
-2212022
In base 7, what is 253 + 13?
266
In base 13, what is -1 - 2034?
-2035
In base 14, what is -4 - -6?
2
In base 16, what is -2 + b?
9
In base 12, what is 405 - 1?
404
In base 11, what is -1191 + 2?
-118a
In base 14, what is 99 - -6?
a1
In base 3, what is -12 - 12222011?
-12222100
In base 6, what is -141 + 2?
-135
In base 9, what is -4 - 221?
-225
In base 15, what is 57 - 7?
50
In base 14, what is -4 + 0?
-4
In base 14, what is 0 + 2cc0?
2cc0
In base 10, what is -30 - -5?
-25
In base 13, what is 4 - 16?
-12
In base 3, what is 11 - -2022?
2110
In base 2, what is 110000 - 1100?
100100
In base 2, what is -10110 + 1000011?
101101
In base 11, what is 21 + 71?
92
In base 9, what is 0 + -140?
-140
In base 7, what is 3 + -1310?
-1304
In base 16, what is -5 + 78?
73
In base 14, what is -128 - 9?
-133
In base 10, what is -30 + -92?
-122
In base 5, what is 430241 - 2?
430234
In base 5, what is 1 + -2413?
-2412
In base 7, what is -4 - 31?
-35
In base 9, what is -5 + 32?
26
In base 11, what is 6 - 26?
-20
In base 6, what is -21 + -252?
-313
In base 8, what is -730 + -1?
-731
In base 16, what is 5 - -e4?
e9
In base 12, what is 4 + -14a?
-146
In base 13, what is 6c - 0?
6c
In base 15, what is -e - 13?
-22
In base 12, what is -63 - 1b?
-82
In base 9, what is 0 - -330?
330
In base 9, what is 2430 - -4?
2434
In base 5, what is 0 - 3234?
-3234
In base 14, what is -205c + -3?
-2061
In base 6, what is -5 - 344?
-353
In base 13, what is 4851 + -2?
484c
In base 10, what is -69 + -3?
-72
In base 10, what is 33 - -33?
66
In base 7, what is 154 - -6?
163
In base 9, what is -16 + -211?
-227
In base 3, what is 1020 - 201?
112
In base 3, what is 101100 - -10?
101110
In base 16, what is 4 + 5?
9
In base 4, what is -3 + -1011132?
-1011201
In base 12, what is -2 - -701?
6bb
In base 12, what is -2261b + 1?
-2261a
In base 7, what is -312 - 1?
-313
In base 2, what is -11 - 101101?
-110000
In base 7, what is 34 - 16?
15
In base 7, what is -3 - -44?
41
In base 11, what is -2941 - -1?
-2940
In base 9, what is -1014 - -5?
-1008
In base 4, what is -132 + -13?
-211
In base 3, what is -2 - 20020?
-20022
In base 13, what is 8a - -7?
94
In base 12, what is 5 - -a?
13
In base 11, what is -517 - -3?
-514
In base 15, what is -4 + -743?
-747
In base 15, what is -6ae + -2?
-6b1
In base 14, what is 5d2 - 6?
5ca
In base 4, what is -2 + 303?
301
In base 2, what is -1011010010101 - -100?
-1011010010001
In base 11, what is 1a + -6?
14
In base 10, what is -623 - 4?
-627
In base 16, what is 15 - 8?
d
In base 4, what is 20323 + 11?
21000
In base 6, what is -23 + 2015?
1552
In base 8, what is -154 + 24?
-130
In base 10, what is -6 - 0?
-6
In base 8, what is -2116 + -2?
-2120
In base 6, what is 102305 + 0?
102305
In base 16, what is 137 + d?
144
In base 11, what is 200 - 2?
1a9
In base 13, what is 19 - -11?
2a
In base 5, what is -4 - -243?
234
In base 16, what is -3 + 131?
12e
In base 9, what is 40 + 26?
66
In base 13, what is 3 + -c?
-9
In base 15, what is 0 + -5?
-5
In base 16, what is -10d3 + -1?
-10d4
In base 3, what is 2101